{"id":55,"date":"2024-10-26T19:36:30","date_gmt":"2024-10-26T19:36:30","guid":{"rendered":"https:\/\/ddrf.rty.hu\/?page_id=55"},"modified":"2024-11-01T21:47:25","modified_gmt":"2024-11-01T21:47:25","slug":"ddrf-mini","status":"publish","type":"page","link":"https:\/\/ddrf.rty.hu\/index.php\/ddrf-mini\/","title":{"rendered":"DDRF Mini"},"content":{"rendered":"\n<p class=\"has-text-align-center has-large-font-size\">DDRF MINI<\/p>\n\n\n\n<p class=\"Max1020\">A DDRF Mini 2015-ben tartotta els\u0151 t\u00e1bor\u00e1t 35 f\u0151vel. A zenekar az\u00e9rt j\u00f6tt l\u00e9tre, hogy a fiatalabb koroszt\u00e1ly is r\u00e9szes\u00fclhessen az egy\u00fctt zen\u00e9l\u00e9s, egy\u00fctt t\u00e1boroz\u00e1s \u00e9s egy\u00fctt koncertez\u00e9s \u00e9lm\u00e9ny\u00e9ben. Ehhez nincsenek is jobb karmesterek, mint V\u00f6r\u00f6s Istv\u00e1n \u00e9s Kerekes B\u00e9la karmesterek, akik t\u00f6k\u00e9letesen besz\u00e9lik a zene nyelv\u00e9t is \u00e9s a gyerekek\u00e9t is. \u00cdgy kezdett el egyre n\u00f6vekedni a csapat, akik 2023-ban m\u00e1r 61 -en zen\u00e9ltek egy\u00fctt. A DDRF Mini egy remek ugr\u00f3deszka azoknak a gyerekeknek, akik zenei p\u00e1ly\u00e1ra k\u00e9sz\u00fclnek, de azoknak is, akik csak hobbib\u00f3l zen\u00e9lnek a hangszer\u00fck\u00f6n.<\/p>\n\n\n\n<figure class=\"wp-block-gallery has-nested-images columns-default is-cropped Max1020 wp-block-gallery-1 is-layout-flex wp-block-gallery-is-layout-flex\">\n<figure class=\"wp-block-image size-large\"><img loading=\"lazy\" decoding=\"async\" width=\"1024\" height=\"683\" data-id=\"132\" src=\"https:\/\/ddrf.rty.hu\/wp-content\/uploads\/2024\/11\/bela-f83665fc8011ebe07c7b7a820bf7c7b7-1024x683.webp\" alt=\"\" class=\"wp-image-132\" srcset=\"https:\/\/ddrf.rty.hu\/wp-content\/uploads\/2024\/11\/bela-f83665fc8011ebe07c7b7a820bf7c7b7-1024x683.webp 1024w, https:\/\/ddrf.rty.hu\/wp-content\/uploads\/2024\/11\/bela-f83665fc8011ebe07c7b7a820bf7c7b7-300x200.webp 300w, https:\/\/ddrf.rty.hu\/wp-content\/uploads\/2024\/11\/bela-f83665fc8011ebe07c7b7a820bf7c7b7-768x512.webp 768w, https:\/\/ddrf.rty.hu\/wp-content\/uploads\/2024\/11\/bela-f83665fc8011ebe07c7b7a820bf7c7b7-1536x1024.webp 1536w, https:\/\/ddrf.rty.hu\/wp-content\/uploads\/2024\/11\/bela-f83665fc8011ebe07c7b7a820bf7c7b7-2048x1365.webp 2048w\" sizes=\"auto, (max-width: 1024px) 100vw, 1024px\" \/><\/figure>\n\n\n\n<figure class=\"wp-block-image size-large\"><img loading=\"lazy\" decoding=\"async\" width=\"1024\" height=\"683\" data-id=\"133\" src=\"https:\/\/ddrf.rty.hu\/wp-content\/uploads\/2024\/11\/istvan-831b9830fda03d9398b26523b350cb30-1024x683.webp\" alt=\"\" class=\"wp-image-133\" srcset=\"https:\/\/ddrf.rty.hu\/wp-content\/uploads\/2024\/11\/istvan-831b9830fda03d9398b26523b350cb30-1024x683.webp 1024w, https:\/\/ddrf.rty.hu\/wp-content\/uploads\/2024\/11\/istvan-831b9830fda03d9398b26523b350cb30-300x200.webp 300w, https:\/\/ddrf.rty.hu\/wp-content\/uploads\/2024\/11\/istvan-831b9830fda03d9398b26523b350cb30-768x512.webp 768w, https:\/\/ddrf.rty.hu\/wp-content\/uploads\/2024\/11\/istvan-831b9830fda03d9398b26523b350cb30-1536x1024.webp 1536w, https:\/\/ddrf.rty.hu\/wp-content\/uploads\/2024\/11\/istvan-831b9830fda03d9398b26523b350cb30-2048x1365.webp 2048w\" sizes=\"auto, (max-width: 1024px) 100vw, 1024px\" \/><\/figure>\n<\/figure>\n","protected":false},"excerpt":{"rendered":"<p>DDRF MINI A DDRF Mini 2015-ben tartotta els\u0151 t\u00e1bor\u00e1t 35 f\u0151vel. A zenekar az\u00e9rt j\u00f6tt l\u00e9tre, hogy a fiatalabb koroszt\u00e1ly is r\u00e9szes\u00fclhessen az egy\u00fctt zen\u00e9l\u00e9s, egy\u00fctt t\u00e1boroz\u00e1s \u00e9s egy\u00fctt koncertez\u00e9s \u00e9lm\u00e9ny\u00e9ben. Ehhez nincsenek is jobb karmesterek, mint V\u00f6r\u00f6s Istv\u00e1n \u00e9s Kerekes B\u00e9la karmesterek, akik t\u00f6k\u00e9letesen besz\u00e9lik a zene nyelv\u00e9t is \u00e9s a gyerekek\u00e9t is. \u00cdgy [&hellip;]<\/p>\n","protected":false},"author":1,"featured_media":0,"parent":0,"menu_order":0,"comment_status":"closed","ping_status":"closed","template":"","meta":{"inline_featured_image":false,"footnotes":""},"class_list":["post-55","page","type-page","status-publish","hentry"],"_links":{"self":[{"href":"https:\/\/ddrf.rty.hu\/index.php\/wp-json\/wp\/v2\/pages\/55","targetHints":{"allow":["GET"]}}],"collection":[{"href":"https:\/\/ddrf.rty.hu\/index.php\/wp-json\/wp\/v2\/pages"}],"about":[{"href":"https:\/\/ddrf.rty.hu\/index.php\/wp-json\/wp\/v2\/types\/page"}],"author":[{"embeddable":true,"href":"https:\/\/ddrf.rty.hu\/index.php\/wp-json\/wp\/v2\/users\/1"}],"replies":[{"embeddable":true,"href":"https:\/\/ddrf.rty.hu\/index.php\/wp-json\/wp\/v2\/comments?post=55"}],"version-history":[{"count":11,"href":"https:\/\/ddrf.rty.hu\/index.php\/wp-json\/wp\/v2\/pages\/55\/revisions"}],"predecessor-version":[{"id":141,"href":"https:\/\/ddrf.rty.hu\/index.php\/wp-json\/wp\/v2\/pages\/55\/revisions\/141"}],"wp:attachment":[{"href":"https:\/\/ddrf.rty.hu\/index.php\/wp-json\/wp\/v2\/media?parent=55"}],"curies":[{"name":"wp","href":"https:\/\/api.w.org\/{rel}","templated":true}]}}